 (-12 - 0) + 19 + -5 + -23 + 15.
-6
What is the value of -28 + 92 + 32 - 90?
6
What is the value of (-6 - (-2 + -3 + 18) - 10) + 8?
-21
10 + -1 - (-56 + 47 - (20 + (5 - 1)))
42
What is the value of 63 + -33 + 11 - 29?
12
What is -7 - (-26 + 6) - (-62 + 60)?
15
What is the value of -12 + 13 + 4 + (185 - 42)?
148
What is -100 + 239 + -111 + (49 - 0)?
77
What is 2 + 53 + (-59 - (110 + -182))?
68
Calculate 10 - ((50 - 39) + -26).
25
What is (-20 - (-10 + 13)) + (96 - 94)?
-21
What is -79 + 83 + -129 - -79?
-46
Calculate (68 - 118) + 69 + 1.
20
Calculate 27 - 35 - -17 - -5 - (-5 + 8).
11
What is the value of 17 - 73 - (-26 + 29 + -14)?
-45
-54 - (-5 - (-38 - (-28 + -6)))
-53
Calculate -72 + -5 + 7 + -10 + -2.
-82
Calculate -5 + 99 + (-211 - -38).
-79
Evaluate 19 + 1 + -11 + (-6 - (0 - 9 - 31)).
43
What is -11 + (-36 + 60 - (3 + 4 + -1))?
7
2 - (19 + -30 + 24 + -27)
16
Evaluate 551 + -546 - (9 + (1 - (8 + -5)) + 4).
-6
What is the value of -50 + 100 + 7 - (-12 - 16)?
85
Evaluate -1 + 4 - ((80 - 86) + (-2 - 6)).
17
What is the value of -233 + 141 - (-56 + 4)?
-40
(-31 - (0 - -1)) + (-394 - -471)
45
What is the value of 30 + (-3 + -2 - ((13 - 2 - 8) + -17))?
39
Evaluate -27 + (115 - (45 - 1)).
44
What is 1492 + -1536 + (1 + 1 - (1 + -12))?
-31
19 - (-3 + 1 - (32 - (52 + -21)))
22
What is 11 + (16 - -12) + 8?
47
(-54 - -84 - 75) + -3
-48
Evaluate -44 + (6 - (-19 - -22)) + (-1 - 0).
-42
Evaluate (12 - 0) + 0 - (-52 + 58 - -2) - 45.
-41
Calculate (-6 - -15) + -53 - (-19 - (5 + -4)).
-24
What is the value of (-15 - 38) + ((-124 - -129) + 0 + 6 - 7)?
-49
Evaluate 109 + (-109 - -8 - -55) + 0 + 1 + 0.
64
Evaluate -12 + -45 + (1 - (-3 + 3)) + -1724 + 1730.
-50
Evaluate 38 + (23 - (-1 + -9 - -20)) - 11.
40
Calculate -9 + -56 + (-12 - -47).
-30
30 + (23 - (59 - 27)) + (-1 - -26)
46
What is the value of -32 - (-2 + 0 + -2 + (-41 - -49))?
-36
What is -10 + -3 + (42 - -4 - -78) - 21?
90
What is the value of 9 - (63 + (13 - 36 - -21))?
-52
Evaluate -7 - ((-14 + 2 - (-17 + 40 + -36)) + -106).
98
What is the value of 62 + (-98 - 28) - -46?
-18
Evaluate 794 + -837 - (-15 - -3 - (1 - 2)).
-32
Calculate 21 - (14 - ((6 - -51) + -1)).
63
Calculate -59 + (-68 + 33 - -57).
-37
Calculate 15 + (-1 + -14 + 30 - -1 - 120).
-89
-7 + 0 + (-4 - 8) + (16 - 37 - 17)
-57
What is -15 + (-19 - -12) + 4 + 15 + (58 - -1)?
56
What is the value of 66 + (-39 + 34 - 82)?
-21
What is the value of (11 + -26 - -53) + (-4 - -7) + 1?
42
What is 25 - 1 - (-37 + 132 + -93)?
22
Evaluate (-12 - -36 - -42) + (17 + -8 - -13).
88
Calculate (-21 - (-20 - (-13 + 18 + 0))) + -47.
-43
Evaluate 3 + 76 + 129 + -183.
25
What is the value of 101 + (-61 - 100) + 2 + -18?
-76
Calculate -11 + (-10 + (5 - (7 - -3)) + 7 - 45).
-64
What is the value of 110 + (8 - (0 - (1 + 21) - -17))?
123
Evaluate -3042 - -2993 - (-7 - 1).
-41
Calculate 69 + -16 + -2 + -3 - 10.
38
Evaluate -59 - -101 - 59 - (-3 + 7 + -62).
41
Evaluate 7 - (7 + -1) - (1 + -86) - -11.
97
Evaluate -666 + 660 + (-8 - 52).
-66
Calculate (-606 + 621 - (-28 + 0)) + 11.
54
Evaluate -16 + (-18 - -10) - (-13 + (38 - 13) + -10).
-26
What is the value of (15 - 43) + 1024 + -921?
75
-2 + -32 + -36 + 51
-19
Evaluate -30 - (-12 - -14 - (-12 + (-8 - -9))).
-43
Evaluate 87 + -98 + 7 - (42 - 2).
-44
Evaluate 1 + -30 + 98 - 76.
-7
Evaluate 19 - (4 + -4 + (4 - (5 - (-1 + 0)))).
21
What is the value of (-95 - -34 - -25) + 39 - (-1 - (1 - -71))?
76
Evaluate -14 + -13 + 12 + 102 + (-2 - -2 - -12).
99
What is 12 - ((50 - -3) + 16)?
-57
Evaluate (-1 - -6 - -2) + (77 - (-20 - -85)).
19
What is 771 - 763 - (50 + -2) - 9?
-49
Evaluate -26 + -31 + 44 + 2 + (0 - 43).
-54
What is -50 - -5 - (48 + -27) - 7?
-73
What is the value of (-37 - 53) + 76 - (-10 + -1 + 3)?
-6
Calculate 0 + -16 + -11 + (39 - 20).
-8
Evaluate -105 + 122 - 8 - (41 - 0 - (-7 - -8)).
-31
What is the value of -14 + 49 - -11 - 48?
-2
Evaluate -2 - (-6 + 8 - 8) - (428 - 383).
-41
Calculate (14320 - 14382) + (-1 - 0 - -18) + (-3 - 0).
-48
What is the value of -14 + -1 + 2 + -81 + -46 + 160?
20
Evaluate 23344 + -23268 + (0 - -24).
100
What is the value of 15 + (17 - (56 + 9)) + 0?
-33
Evaluate (53 - 0) + (-13 + 68 - 11).
97
Evaluate -61 - -74 - (-1 - 3 - (33 + -48)).
2
(61 + 2 - 6) + -20 + 54 + -34
57
-78 - (-15 + 11 + 15 - (-30 + 37))
-82
What is the value of 925 + -874 + -99 + 7?
-41
Calculate 6 + -1 + 1 + 2 + -225 + 233.
16
-11 + ((5 - 48) + 23 - -25)
-6
69 + 11 + -47 + 10
43
Calculate (10 - 35 - (3 + -24)) + (2 - -55).
53
What is -2 - (-12 + -33 + 27)?
16
Calculate (-8 - (0 - -7)) + 12.
-3
-5 - (3 - 4) - 2 - ((-4 - -22) + -12)
-12
75 - 51 - ((-14 - -2) + 30)
6
What is the value of (-1 + 0 - -8) + -224 + 243 + (-11 - 0)?
15
Calculate 3 - 6 - -13 - (-301 + 307) - 23.
-19
(-3056 - -3278) + -167 + 7
62
What is 3441 - 3439 - (-87 + (4 - 1) + -4)?
90
18 + (15 - 19 - -14) + -50
-22
Calculate 10 - (-28 + 20 - (-8 - (4 - -5)) - 2).
3
(63 - ((0 - -3) + -15)) + 67 + -87
55
What is the value of 85 + -43 + -6 + 11 + (1 + -6 - -1)?
43
Evaluate 26 + 5 + 34 + -95.
-30
What is (9 + 11 - 33) + (55 - (3 + -1))?
40
What is -21 + 9 + (15 - (-21 + 10))?
14
Evaluate 21 + 14 + -3 + -24.
8
21 - (20 - -29) - -55 - -25
52
What is -44 + -29 + (36 - 5)?
-42
15 + 26 + 26 + -101
-34
-34 + 17 - (-30 + -65 - -14)
64
Calculate -19 - ((7 - 7 - -6) + 8).
-33
What is -14 + (13 - (36 - 5))?
-32
What is the value of -31 + -38 - -32 - -73?
36
What is the value of (53 - 187) + 76 - (-12 - (0 - 1))?
-47
What is the value of 15 + -1 + -74 + -4 + 35 + -1?
-30
(-18 - -37 - 51) + 23 - -30
21
Evaluate -11 + -6 + 84 + -83.
-16
What is the value of -2 - (7 - 1) - ((-362 - -90) + 124) - -3?
143
Calculate 42 + 36 - 58 - 33.
-13
What is 1 - 7 - 31 - -73?
36
What is the value of -1 + -75 - ((3 - 27 - -15) + (42 - 34))?
-75
Evaluate 5 + (9 - (3 + -1)) + -1 + 48.
59
Evaluate 2094 + -2024 + -91 + 2.
-19
What is the value of -174 + (-94 - (-133 + -7))?
-128
What is the value of 46 - (-11 + 69 - -1)?
-13
What is the value of (158 - (-10 + 104)) + -11 + 59?
112
(-19 - -199) + -94 + -151
-65
Calculate 31 + -58 + (57 - 14) + (0 - -11).
27
What is -97 - ((-17 - 42) + -118)?
80
What is the value of (-93 - -3) + 42 - -54?
6
What is the value of (-5 + 5 - 41) + -10 - -7?
-44
Evaluate -35 + 2 + (10 - (10 - -2)) + (-4 - -9).
-30
What is the value of 0 + (16 - -2) + 141 + -141 + -34?
-16
What is the value of (204 - 146) + -125 + 12?
-55
Evaluate 18 + (33 + -13 - (-23 + 46 + 23)).
-8
Calculate -18 + 15 + -26 - (38 + -26).
-41
What is the value of -44 + 26 + (-16 - -17) + -20?
-37
Calculate (-28 + 49 - 14) + 98 + (-6 + 14 - 3).
110
Calculate 34 - 39 - 13 - (1 - 5).
-14
What is the value of -2 + 6 - ((-45 - -33) + 24 - (-58 - 3))?
-69
-27 + (-13 - -102) + -34 + (3 + 2 - 1)
32
Evaluate 12 + (7 + ((-6 - 2) + 15 - 9) - 78).
-61
12 + 0 - (74 + (-45 - -19) + 58)
-94
Calculate 13 + 8 + -11 + 3.
13
What is the value of -46 + 57 - (-6 + -3 - (93 - (6 + -3)))?
110
What is 5 + -4 - 1 - (16 - -6) - 14?
-36
What is -35 - (-3 - 2) - (253 + -265)?
-18
What is -42 - (20 - (-7 - (-20 + -25)))?
-24
Evaluate -4 - -8 - 12 - (11 + (-6 - -18)).
-31
What is the value of -43 + (-40 - 9) + (42 - 67)?
-117
What is -5 + 5 + -53 + 7 + 129?
83
(-38 + 29 + 39 - 113) + 0
-83
What is the value of 103 + (-87 - -9 - 5)?
20
What is the value of -2 + 1 + (-9 + -16 - -23) - 16?
-19
Calculate (-24 + 0 - -28) + -29.
-25
Calculate 472 + (-545 - -61) - (-1 - -69 - -1).
-81
What is the value of -36 - -44 - (3 + -26 - 3)?
34
What is 81 + (-34 - -46) - 44?
49
What is the value of (-1 - 7) + 1 + 1 - (-1392 + 1365)?
21
Calculate -105 - -62 - (1 + -26) - (-3 + 118).
-133
Evaluate (14 + -3 + -6 - (-4 - -6 - 8)) + 17.
28
What is (3 - -1) + 2 + -55 + (-13 - -67) - 63?
-58
Calculate 2 + 20 - (-329 - -355).
-4
5 - 2 - -59 - (27 + -3 + -9 + -5)
52
-29 - (-1 + 3 - (27 + -9 - 15))
-28
What is -46 + 5 + (-18 - (32 + -56))?
-35
What is 9 - (-33 + -30 + (-5 - (9 + (5 - 7))))?
84
Calculate 44 - (44 + (105 - 64)).
-41
(-20 + (-8 - -95) - 47) + 102
122
What is the value of -60 + -11 + 36 + 46?
11
What is the value of 18 - -1 - ((9 - -7) + -25)?
28
Evaluate -15 + (4 - (1 - 4)) + (478 - 494).
-24
What is -21 + (16 - (-26 - -77)) + -14?
-70
Evaluate 18 - 130 - (-71 + -58).
17
Calculate -1 - ((1 - (-20 + 18)) + -17 + 3).
10
What is 27 + 6